git of l?
1
Let i(a) = -1356*a - 9820. What is the tens digit of i(-47)?
1
Let i = -4793 - -6957. What is the units digit of i?
4
Let u be 8/10*(-1180)/(-8). Suppose 5*n = -s + u, 5*s - n = -106 + 696. Let j = 64 + s. What is the tens digit of j?
8
Let f be (2/5)/((-6)/(-30)). Suppose 4*u + 428 = f*i - 196, 4*u + 8 = 0. Suppose 5*o - 3*o + i = 3*c, -2*c + 220 = -5*o. What is the units digit of c?
0
Let o = -1462 + 2467. Let q = o - 530. What is the units digit of q?
5
What is the ten thousands digit of -35*52/182 - (-58748 + 2)?
5
Suppose -3*a - 3*w + 119511 = 0, 104 = w + 112. What is the units digit of a?
5
Let r = -12272 - -19818. What is the tens digit of r?
4
Let k be (-1)/8 + 82/16. Suppose -4*c = -106 - 1454. Suppose -k*r = r - c. What is the tens digit of r?
6
Let r(g) = 4*g + 44 - 31 + 2*g**2 + 11*g**2 + g**3. What is the hundreds digit of r(-9)?
3
Let o(m) be the first derivative of 62*m**2 + 103*m - 63. What is the hundreds digit of o(9)?
2
Let q(r) = -43*r - 222. Let v(u) = 128*u + 664. Let n(w) = 8*q(w) + 3*v(w). What is the thousands digit of n(22)?
1
Let d(t) = -192*t - 27. Let c be d(6). Let y = c + 1691. What is the tens digit of y?
1
What is the thousands digit of (-406788)/2180*130/(-6)?
4
Suppose 3*c - 8*c - 17316 = -76031. What is the units digit of c?
3
Let n(t) = -2*t - 15. Let r be n(-11). Suppose -2*u + 5*a + 1 = r, -u = -a. Let h(j) = 7*j**3 - 4*j**2 + 6*j - 4. What is the units digit of h(u)?
8
Suppose -15 - 338 = q + 2*i, 349 = -q + 2*i. Let k = q + 916. What is the tens digit of k?
6
Suppose 11*x = -x + 180. What is the units digit of ((-183)/x)/((-10)/850)?
7
Let m be (-9)/(-12) + (-70)/(-56). Suppose -416 = -m*w + 3*n + 1028, 5*w = -2*n + 3591. What is the units digit of w?
9
Suppose -9 = -3*y, 0 = -4*r + 23*y - 20*y + 11031. Suppose -38*c = -36*c - r. What is the hundreds digit of c?
3
Suppose 0 = 3*a + 4*p - 83, -p = 7*a - 2*a - 110. Suppose a = 11*z - 4*z. Suppose v - 99 = -5*c, 162 = 2*v + c - z*c. What is the tens digit of v?
8
Suppose 0 = -3*c - 16*v + 15*v - 318, 0 = -3*v. Let d = -201 - -102. Let a = d - c. What is the units digit of a?
7
Suppose 175555 - 544181 = -95*x + 424624. What is the tens digit of x?
5
Let l = -4903 - -9101. Suppose 0 = -2*p - 5*v + 1656, 5*p - l = -13*v + 15*v. What is the hundreds digit of p?
8
Let m(y) = -y**3 + 83*y**2 - 106*y + 1932. What is the ten thousands digit of m(80)?
1
Let d = -116 - -212. Let w = d - 89. What is the units digit of w?
7
Let q(c) be the second derivative of -23*c**3/6 + 12*c**2 - 34*c. What is the hundreds digit of q(-13)?
3
Let z be 1058 + -4 + 7 + -1. Let d = z - 740. What is the tens digit of d?
2
Suppose -26*h + 21*h + 174174 = 4*u, -5*h + 174202 = -3*u. What is the tens digit of h?
3
Let v(b) = -7 + 3 - 14*b**2 + 143*b**3 + 3 + 9*b**2 + 3*b. What is the hundreds digit of v(1)?
1
Let w = -448 + 447. Let h(n) = -530*n**3 - 10*n**2 - 10*n - 1. What is the hundreds digit of h(w)?
5
Suppose -2*k - 22*y + 67625 = -21*y, -3*k + 101483 = -5*y. What is the hundreds digit of k?
8
Suppose 4*n - 2*f - 6 = 0, 2*n = 4*f - 6*f. What is the hundreds digit of (-32)/(-12)*198*n?
5
Suppose 0 = -5*f + f + 16. Suppose f*t - t = 6. Suppose 4*c - 62 = -t*k, 5*k + 4*c - 146 = 3*c. What is the units digit of k?
9
Suppose -2*p - 5*k = 11, -4*k + 2*k = -5*p + 16. Suppose 4*l + 0*l - n - 548 = 0, -p*l - n + 280 = 0. Let w = l - 86. What is the units digit of w?
2
What is the hundreds digit of 336/40 + 12/20 + 11216?
2
Suppose -41*u - 56*u + 1855820 = -1054568. What is the tens digit of u?
0
Let f(v) = 28*v. Let m be f(-6). Let k = m + 308. Let x = k + -26. What is the tens digit of x?
1
Suppose 7092 = 9*t - 45621. What is the tens digit of t?
5
Let z(r) = 359*r**2 + 8*r - 7. Suppose -4*m + 3*d + 16 = -3, -5*d = 4*m + 21. What is the tens digit of z(m)?
6
Suppose 65*t - 266460 = 1207416 - 62466. What is the hundreds digit of t?
7
Suppose 7*h + 24 = -5*h. What is the tens digit of (4 - (h + 84/15))*940?
7
Suppose -50 = 12*z - 122. Suppose 3*w + 5*m = z*m + 4184, -5*w = -m - 6972. What is the thousands digit of w?
1
Suppose 4*o = -16, 0 = -4*n - 2*o - 2*o + 140. Suppose -n + 7 = -3*y + s, -s + 4 = 0. What is the units digit of -3*((-328)/y)/2?
1
Suppose -j - 35721 = -4*o + 67200, 0 = -2*o - 4*j + 51492. What is the thousands digit of o?
5
Let u(d) be the third derivative of d**6/120 + 7*d**5/60 + 5*d**4/12 + 4*d**3/3 + 32*d**2. Let f be u(-7). Let a = -58 - f. What is the units digit of a?
4
Suppose -8249 = 3*y - 5*l - 42264, -4*y + 2*l + 45386 = 0. What is the thousands digit of y?
1
Let k(p) = -8*p**3 + p**2 - 6*p + 10. Let u be k(-6). Let t = -646 + u. What is the units digit of t?
4
Suppose 5*f = -3*h - 1025, -5*h + 0*f = 4*f + 1704. What is the hundreds digit of 1/3 - 40/(-24) - h?
3
Suppose -5 = -5*q + 50. Suppose -q*r - 432 = -3*r. What is the tens digit of 4/6 + 3*(-2364)/r?
3
Let s(j) = 2*j**2 - j - 1. Let n be s(2). Let u be -10*(-4 - (-28)/n). Let b = u + 55. What is the units digit of b?
9
Suppose 0 = -3*x - 3, x + 83 = -4*g + 2*x. Let w be -6*(-1)/2*(-119)/g. Suppose -w*p + 12*p = -470. What is the tens digit of p?
9
Let s(v) = -v**3 - 26*v**2 + 9*v + 65. Let k be s(-26). Let h = -78 - k. What is the units digit of h?
1
Let i(d) = -1960*d + 807. What is the thousands digit of i(-3)?
6
Let c be (-1 - (-10)/4)*(-1932)/(-207). Suppose -c*n + 4225 = -9*n. What is the hundreds digit of n?
8
Let n = -5 + 1. Let b be n/6 - (3 - 86/(-6)). Let l = b - -82. What is the units digit of l?
4
Let p be (16/12*1)/(4/9). Let f(d) = 101 - 44 + 18*d**2 + 11*d + d**p - 44. What is the hundreds digit of f(-17)?
1
Let y(j) = 4*j - 22. Let f be y(7). Suppose 0 = f*i - i - 4*h, -3*i = 4*h. Suppose i = 2*t - 8*t + 480. What is the units digit of t?
0
Let x = -12916 + 12905. Let d(q) be the first derivative of -13*q**2 - 10*q - 1. What is the tens digit of d(x)?
7
Suppose 3*m = 3*o + 15447, 2*o - 6*o = 2*m - 10280. Suppose 3*a + m = 5*f, -a - 9 = -12. What is the hundreds digit of f?
0
Suppose 0 = 5*a - 1 + 76. Let v = 19 + a. Suppose -23 = -3*m + c + 16, -v*c = 0. What is the tens digit of m?
1
Let o = 229 + -169. What is the tens digit of 3*656/o*(-150)/(-12)?
1
Let z(o) be the second derivative of o**5/20 - 13*o**4/6 + 35*o**3/6 - 17*o**2/2 - 131*o. What is the hundreds digit of z(26)?
8
Let k = 227 + -339. Let x = 169 - k. What is the units digit of x?
1
Suppose -2*s - r + 1278 = 0, s - 2*r - 309 = 335. Let z(g) = 2*g**2 + 7*g - 2. Let a be z(-5). Suppose -a*h + s = -5*h. What is the tens digit of h?
8
Let d(l) = -4*l**3 + l**2 - 2*l - 364. Let z(b) = 5*b**3 - 2*b**2 + 2*b + 361. Let i(p) = -3*d(p) - 2*z(p). What is the units digit of i(0)?
0
Let m = 12363 - -29007. What is the ten thousands digit of m?
4
What is the units digit of (-8 - (-76)/14)*-112?
8
What is the hundreds digit of 71132/(-2)*(7/(-6) - (-11)/66)?
5
Suppose 0 = a + 5*t + 16, 2*a - t = -28 + 18. What is the tens digit of (-30 - -279)*(-4)/a?
6
Suppose z - 3*z - 10 = 0, 0 = 2*x - 5*z + 473. What is the units digit of 7*x*4/(-12)?
1
Let r = 87 - 163. Suppose -3*f = o - 147, -f + 359 = -5*o + 1126. Let d = r + o. What is the tens digit of d?
7
Let a(r) = -2*r**3 + 3*r**2 - 2*r - 3. Let j = 56 - 59. Let n(m) = m**3 - 4*m**2 + 3*m + 4. Let p(g) = j*n(g) - 4*a(g). What is the tens digit of p(2)?
3
Let j(k) = -1885*k + 1819. What is the thousands digit of j(-10)?
0
Suppose -37*q + 40*q + 2*x - 71606 = 0, 0 = 4*q + 3*x - 95477. What is the thousands digit of q?
3
Let j(p) = p**3 - 57*p**2 + 972*p - 34. What is the tens digit of j(22)?
1
Let o(p) = 85*p**3 - 12*p**2 + 61*p - 392. What is the thousands digit of o(8)?
2
Let w = 185 - 303. Let x = w - -440. What is the hundreds digit of x?
3
Let m = 10811 - 17726. What is the units digit of 11/(99/6) + m/(-9)?
9
Let l(p) = 2*p**3 + 65*p**2 - 31*p + 66. Let x be l(-33). Suppose x = 4*n - 1571 - 3341. What is the thousands digit of n?
1
Let a be (7 + -10 + 4)/(1/4). Suppose 0*d - a*t = 2*d - 646, 0 = -5*d - 4*t + 1633. What is the hundreds digit of d?
3
Let a(l) = l**2 - 25*l + 30. Let o be a(24). Let q = o - 4. Suppose 75 = v + q. What is the tens digit of v?
7
Let t(w) be the third derivative of -w**4/12 + 10*w**3/3 + 4*w**2. Let d be t(9). Suppose -2*m = -d, 4*v + 0*m - 342 